2*p - 15. What are the prime factors of p?
41
Let h = -67 + 69. List the prime factors of h.
2
Let h be (6/2)/(-3) - -3. Suppose -3*p + 3*d + 82 + 5 = 0, -h*d = 3*p - 62. Let b = p - 14. What are the prime factors of b?
2, 5
Suppose -2*g + 5*s = 1, 3*g - 3*s = 4*g - 5. Suppose -k - 6 = -5*k + q, 2*q = 3*k - g. Let j = k - -3. List the prime factors of j.
5
What are the prime factors of (10/6 + -1)/(3/369)?
2, 41
Suppose -3*a + 356 = -5*w, -a = -w - 183 + 61. Suppose 0 = 4*d - u - a, -20 + 0 = -4*u. What are the prime factors of d?
3, 11
Let o(k) = k**2 + 4*k + 3. Let m(w) = -w**2 - 3*w - 2. Let j(z) = -3*m(z) - 2*o(z). Let u be j(-2). List the prime factors of 1/((-3)/(-24)*u).
2
Let k = -34 + 73. What are the prime factors of k?
3, 13
Suppose 0 = 3*q - 0*h + 2*h - 159, 3*q = 5*h + 138. Let c = 71 - q. What are the prime factors of c?
2, 5
Suppose -2*v - 4*i - 1 = -21, 0 = 3*i - 9. Suppose z = -3*z - v. Let o = z + 15. What are the prime factors of o?
2, 7
Suppose -3 = -2*m - m. Suppose -4*f + 3 = -3*f + x, -x = 4*f - 21. What are the prime factors of (m - 1) + f - 1?
5
Let w be (3/4 + -1)*-4. What are the prime factors of 2 + w*(15 - 3)?
2, 7
Let y = 5 + -4. Suppose -22 + y = -3*d. List the prime factors of d.
7
Let d be 35/70*(0 + 1 + 1). Suppose -4 = -4*q - 20. Let x = d - q. List the prime factors of x.
5
Let t(o) = -11*o + 4. Let v(c) = -7*c + 3. Let q(b) = -5*t(b) + 8*v(b). What are the prime factors of q(0)?
2
Let u be (-1)/3 - 7/(-3). Suppose 2*w + d = -0*d + 152, -4*w - 5*d + 310 = 0. Suppose u*o = 7*o - w. What are the prime factors of o?
3, 5
Let x = 574 + -320. List the prime factors of x.
2, 127
Let h(x) = 2*x**2 + 8*x + 2. List the prime factors of h(-6).
2, 13
Let s = 7 - 1. Suppose 2*m = 4*d + s*m - 16, 2*m = 3*d - 32. List the prime factors of d.
2
Suppose 3*d = 4 + 23. Suppose 0 = 2*y + y + d. Let q = y + 5. List the prime factors of q.
2
Let r be (41/5 - 1)*-5. Let u = -26 - r. List the prime factors of u.
2, 5
Let c(u) = 5*u**2 + 2*u - 1. Let y be c(1). Let n(b) = b**2 + 2*b - 4. Let i be n(2). What are the prime factors of (-34)/(-3) + i/y?
2, 3
Let l = -3 - -3. Suppose 32 = -2*v - 3*s + 1, l = 5*v + s + 84. Let t = 30 + v. List the prime factors of t.
13
Let m be 1/2 - (-27)/18. Let x(v) = 0*v - v + 0*v**m + 0*v**2 + 2 + v**2 - v**3. List the prime factors of x(0).
2
Suppose 0 = -2*k - 2*k + 4. Suppose -o = -2*z + 26, 19 - k = 2*z + 3*o. List the prime factors of z.
2, 3
Suppose 0 = -5*k + 371 - 146. Suppose -3*t - 4*m + k = 0, 5*t - 101 = -0*m + 2*m. What are the prime factors of t?
19
Let u = 13 - 9. Suppose u*d = -d + 45. List the prime factors of d.
3
Suppose 4*p + 2 = -14, -96 = -2*j - 5*p. List the prime factors of j.
2, 29
Let n(y) = -y**2 + 11*y + 15. List the prime factors of n(9).
3, 11
What are the prime factors of 77 - (-1 + 0/2)?
2, 3, 13
Suppose 21 = -7*t - 7. Let z = t + 40. List the prime factors of z.
2, 3
Let w(a) = -a**3 + 7*a**2. Let f be w(7). Suppose f = 3*u + 5 - 2. Let k = 13 - u. What are the prime factors of k?
2, 7
Let d(h) = -h - 3. Suppose -2*k + 0*k + 9 = -5*o, -2*k - 12 = 2*o. Let n be d(o). Let u(y) = -y**3 - y + 5. What are the prime factors of u(n)?
5
List the prime factors of 7 - -273 - (-3)/1.
283
Suppose -2*p - 5*l = -571 + 103, -l - 4 = 0. List the prime factors of p.
2, 61
Let r(y) be the third derivative of y**5/20 - 3*y**2. Let s be r(-1). Suppose 7 = b - 3*f, 3*b + s*f - 60 = -f. What are the prime factors of b?
2
Suppose -u = r - 3, -3*r = u + 3 - 0. Suppose v - 5*n + 1 = -u, -30 = -2*v - n. What are the prime factors of v?
13
Let j(y) = y**2. Let c be j(-2). Let a be 1 - (36/(-4) - -3). Let b = c + a. What are the prime factors of b?
11
Let v be (-8)/6*6/4. List the prime factors of 244/8 + 1/v.
2, 3, 5
Let w(k) be the second derivative of -11*k**5/120 - k**3/6 + k. Let l(m) be the second derivative of w(m). List the prime factors of l(-1).
11
Suppose 2*a - o - 7 + 0 = 0, 4*a = -o - 1. Let s = a + 15. What are the prime factors of s?
2
Let r be (-3 + 3 + -1)*-17. Suppose -c = -r + 5. What are the prime factors of c?
2, 3
Suppose -6*b + 427 = -23. List the prime factors of b.
3, 5
Let a be 1/2 + 54/(-4). Let u = a - -22. What are the prime factors of u?
3
Let p(v) = -v**3 + 4*v**2 - 3*v - 3. Let o be p(3). Let k(u) = u. Let t be k(3). List the prime factors of -7*(9/t)/o.
7
Let t(l) = l**2 - 3*l - 1. Let c be t(7). Suppose -3 - c = -3*z. List the prime factors of z.
2, 5
List the prime factors of (-228)/(-10) - (-10)/50.
23
Let k = -6 + 13. Let q(a) = -a**3 + 7*a**2 + 2*a + 4. Let b be q(k). Suppose -3*r + b = -r. List the prime factors of r.
3
Let w = -63 + 166. What are the prime factors of w?
103
Suppose 5*c = 20, g + 0*c = -c + 9. Suppose -g*l - 13 = -43. Let z = l - 4. What are the prime factors of z?
2
Suppose 4*t = 4*x - 384, -476 = -2*x - 3*x + 3*t. List the prime factors of x.
2, 47
Suppose -2*q + 209 = 3*v - 0*v, -4*v = -2*q + 230. List the prime factors of q.
109
Let f(c) = -c**2 + 2*c + 4. Let v be f(4). Let j(s) = s**3 + 4*s**2 - 2*s - 4. List the prime factors of j(v).
2
What are the prime factors of 261 - 1*(3 + -7)?
5, 53
Suppose -2*c + 92 = 2*c. List the prime factors of c.
23
Let h(j) = -j + 8. Let o be h(6). Suppose -7*g = -o*g - 20. Let p(c) = c**3 - 3*c**2 - 3*c - 2. What are the prime factors of p(g)?
2
Suppose 0 = -2*x + 4, -3*w - 4*x = -0*x - 26. List the prime factors of -15*w/15*-1.
2, 3
Let s(r) = 2*r**2 + 5*r. Let u be -1 + 3 - (5 + 1). What are the prime factors of s(u)?
2, 3
Suppose 5*u - 17*u = -4164. List the prime factors of u.
347
Let z(g) = -g + 14. Let v be z(11). Let u = 7 - v. Suppose 0 = -4*t, c = -u*c + 2*t + 50. List the prime factors of c.
2, 5
Let i(c) = c**2 + 5*c - 3*c**2 - c**2 + c**3 - 2. What are the prime factors of i(3)?
13
Let x(b) = 4*b**2 + 2*b + 35. List the prime factors of x(6).
191
Let s = -13 + 5. Let f = s + 16. Let n = f - 4. List the prime factors of n.
2
Let y = -2 - -44. What are the prime factors of y?
2, 3, 7
Suppose -1 = -x + 1. Suppose -m - 12 = -x*m. What are the prime factors of m?
2, 3
Suppose -486 = -10*n + 7*n. What are the prime factors of n?
2, 3
Let j(l) = l + 4. Let p be j(-4). Suppose -4*k + p*k + 44 = 0. List the prime factors of k.
11
Let z be 1/(1 + 2/(-4)). Suppose 0 + 11 = h. Suppose z*f = 19 + h. What are the prime factors of f?
3, 5
Suppose -6*b + 60 = 4*q - 3*b, -3*q + 40 = b. List the prime factors of 1/(3/q) + 14.
2, 3
Suppose -2*g - 4 = -108. Suppose g = 5*u - 28. List the prime factors of u.
2
Let t(s) = -s + 1. Let z be t(-4). Suppose 4*w - 3 = z. Suppose 0 = w*k - 16 - 2. List the prime factors of k.
3
Let k = -116 - -214. What are the prime factors of k?
2, 7
Let w(k) = 3*k**2 - k. Let r be w(1). Let a be -30 + -2 - (1 - r). What are the prime factors of (-2)/6 - a/3?
2, 5
Suppose -4*b - 2*t = -258, t + 4*t - 25 = 0. List the prime factors of b.
2, 31
Suppose 9*b - 322 = 8*b. What are the prime factors of b?
2, 7, 23
Suppose 0*y = 5*y - 15. Suppose s + 5*f - 13 = y*s, 5*s - 5 = 5*f. Let i = s + -4. List the prime factors of i.
2
Let y = -382 - -608. What are the prime factors of y?
2, 113
Let w = 2 - -2. Suppose 60 = w*j - 148. List the prime factors of j.
2, 13
Let j = 7 - -126. Suppose -4*f + 3*w + 78 = 0, -5*f + j - 37 = -3*w. Let h = -7 + f. List the prime factors of h.
11
Let b(k) = -k**2 + 6*k - 3. Let j be b(4). Suppose -5*n = o - j + 3, 0 = -4*o + n + 50. List the prime factors of o.
2, 3
List the prime factors of 610/15 + 4/(-6).
2, 5
Suppose 0*r = r + 4*a - 9, 2*r - 9 = a. List the prime factors of r.
5
Let p(l) = -l**2 + 2*l. Let d(a) = 3*a**2 - 6*a + 1. Suppose 5*x = 2*i - 37, 2*x + i + 0 = -13. Let u(c) = x*p(c) - 2*d(c). What are the prime factors of u(5)?
13
Suppose -l - 4*l - 2 = -m, -4*l + 11 = -5*m. List the prime factors of 5 + (-4 - (m - -2)).
2
Let x = 243 + -61. List the prime factors of x.
2, 7, 13
Let i be -2 - (-1 + -2 + 1). Let f(q) = -q**3 - q**2 - q + 12. What are the prime factors of f(i)?
2, 3
Suppose -4*q + 16 = 0, 2*u - 2*q = -u + 4. Suppose u - 11 = -b. List the prime factors of (b*(2 - 0))/2.
7
Suppose 4*t + 12 = 0, 3*i - 24 = -0*i + 3*t. Suppose -30 = -i*w + 30. List the prime factors of w.
2, 3
Suppose -2*m = 3*y - 5, y + 3*y = 2*m + 2. Let v = 4 - 